0, -3*c + 3*g = -a + 4. What is the remainder when c is divided by ((-2)/3)/(1/(-3))?
0
Suppose -2*s - 13 = -3. Let i be (-3)/(-4) - s/4. Suppose i*k + 21 = 5*k. Calculate the remainder when 34 is divided by k.
6
Suppose -3*a = -3*f + 36, a = -a + 2. What is the remainder when 45 is divided by -1*f/((-13)/24)?
21
Let s = 140 + -134. Calculate the remainder when 40 is divided by s.
4
Suppose 3*h - 16 = 2*p + 9, 3*p = 5*h - 42. Let c(q) = -27 + 7*q - h*q + 6*q + 0*q. What is the remainder when c(14) is divided by 8?
5
Let d = 1728 - 1480. What is the remainder when d is divided by 67?
47
Let r = 23 + 0. Let y(z) = z**2 + 2*z - 2. Let c be y(2). Suppose 3*d - c*d = -4*p + 49, 2*p = 4*d + 22. Calculate the remainder when r is divided by p.
10
Let o = 6 + 14. Let i(s) = -11*s**2 - 147*s - 3. What is the remainder when i(-13) is divided by o?
9
Suppose 0 = 2*q - 4*v + 3 - 1, -5*q = -2*v - 19. Calculate the remainder when 27 is divided by q.
2
Let p = 6 + -4. Let g = 1655 - 1653. Calculate the remainder when g is divided by p.
0
Let m(r) = -r**3 - r**2 + 2*r + 88. What is the remainder when 170 is divided by m(0)?
82
Let l(b) = b**2 + 9*b - 5. Let q be l(-10). Calculate the remainder when 0 + (-2 - -8)*7 + -3 is divided by 41/q + (-2)/10.
7
Suppose -22 = 11*r - 110. What is the remainder when 102 is divided by r?
6
Let g be 1 - (3915/3)/5. What is the remainder when (12/10)/((-6)/g) is divided by 18?
16
Let a = 98 - 67. What is the remainder when (-75 - -78) + 2*74 is divided by a?
27
Let x(y) = y**3 - 8*y**2 + 7*y + 4. Let j(p) = -12*p - 46. What is the remainder when x(7) is divided by j(-4)?
0
Suppose 0 = 4*s - 2*q + 6, -4*q = 2*s - 4*s - 12. Suppose s = -5*z + 2*z - 30. What is the remainder when (-916)/(-20) - 2/z is divided by 24?
22
Calculate the remainder when 197 is divided by 2072/63 + (-4)/(-36).
32
Suppose -5*u + 40 = -u + 4*b, -22 = -u - 4*b. Suppose 5*m = 3*m, 4*f - 4*m - 72 = 0. What is the remainder when f is divided by u?
0
Let n = 70 - 64. Let g = -24 - -34. What is the remainder when g is divided by n?
4
Let k be 1 + (-2)/(4 + -2). Suppose 0 = -3*x - k*x + 18. What is the remainder when 31 + -16 + (-2)/(-2 + 1) is divided by x?
5
Let y be (40*(-1)/(-6))/(1/6). Let v = 63 - y. Suppose -4*i + 48 = h - 3, -18 = -2*i + 2*h. Calculate the remainder when v is divided by i.
11
Calculate the remainder when -894*(-75)/270 - 1/3 is divided by 9.
5
Let a(c) be the second derivative of -c**5/20 + 7*c**4/12 + 2*c**3 - 19*c**2/2 + 10*c. What is the remainder when a(8) is divided by 4?
1
Let x = -82 - -49. Let q = 111 + x. What is the remainder when q is divided by 8?
6
Suppose -1436 = -44*q + 1116. What is the remainder when q is divided by 16?
10
Let c be (-7 - -3) + 2 - 3. Let k(p) = -p**2 - p + 17. Let n be k(0). Let y = n + c. What is the remainder when 33 is divided by y?
9
Suppose 1 = -s - 0*s, -3*q - 4*s = -137. What is the remainder when 146 is divided by q?
5
Let h = -22 - -33. Let o be 20/(-4)*68/10. Let p = 88 + o. What is the remainder when p is divided by h?
10
Let u(f) = -f**2 - 15*f + 48. Calculate the remainder when 556 is divided by u(-14).
60
Let j(p) be the second derivative of p**6/144 - p**5/24 - p**4/4 - p. Let y(q) be the third derivative of j(q). What is the remainder when y(8) is divided by 9?
8
Let i(y) = 2*y**2 - 17*y - 143. Let j = 61 - 7. Calculate the remainder when j is divided by i(14).
10
Suppose 4*m + m = 5*u - 25, 4*m = -3*u + 1. Suppose u*j - 5*j + 52 = -g, -78 = -3*j + g. Calculate the remainder when 100 is divided by j.
22
Let o be 4/(24/(-9))*134. Let a = -21 - o. Suppose 3*c + h - 244 = 0, 5*h - a = -0*c - 2*c. What is the remainder when c is divided by 27?
26
Suppose 0 = 4*w - 4*l - 32, 0*w - l - 29 = -4*w. Suppose w*s - 2*s = -b + 83, -2*b - 2*s + 182 = 0. What is the remainder when b is divided by 25?
18
Let z be 280/16*(-48)/(-14). What is the remainder when 23 is divided by z/5 + (-8)/(-4)?
9
Suppose -n = 2*n + 108. Let u(w) = -w**3 + 4*w**2 + w - 2. Let m be u(4). Calculate the remainder when 82 is divided by 7/(-14)*(n + m).
14
Let x = 439 + -392. Calculate the remainder when 280 is divided by x.
45
Suppose -5*z - 4*r = -304, -z + 3*z = 5*r + 115. Suppose 13*l = 8*l + z. Suppose -2*h = -42 + l. What is the remainder when 28 is divided by h?
13
Suppose 8 = -v + w - 4, 3*v + 16 = -w. Let u = v - -17. Let h(p) = p**2 - 4*p - 1. Calculate the remainder when u is divided by h(5).
2
Let k(g) = 37*g**2 + 1. Calculate the remainder when 586/8 - -10*5/(-200) is divided by k(1).
35
What is the remainder when 22348/(-755)*((-15)/(-2))/(-1) is divided by 28?
26
Suppose -3*v - 2 = m, 0 = -m - v + 4 + 2. Calculate the remainder when m is divided by (-63)/6*(-4)/7.
4
Suppose 117*n = 120*n - 705. Calculate the remainder when n is divided by 14.
11
Let u = -1518 - -1703. What is the remainder when u is divided by 62?
61
Let x be (-12)/(-12) + (0 - 17). Calculate the remainder when (54/(-24))/(2/x) is divided by 10.
8
Let w be (1*-34)/(7 - 9). Let z = 20 - w. Suppose -z*s + s + 164 = 0. What is the remainder when s is divided by 21?
19
Let d(s) = 2*s + 3. Let q(x) = x**2 - 9*x - 8. Let z be q(10). Let g be d(z). Let l(t) = 10*t + 12. Calculate the remainder when l(g) is divided by 17.
14
Let o be ((-9)/6)/((-9)/24). What is the remainder when (-232)/(-20) + (-8)/(-20) is divided by (2/o)/((-3)/(-42))?
5
Suppose -5*l - 2 - 21 = -3*w, 0 = w + 2*l - 4. Suppose -w*m + 60 = 18. Calculate the remainder when 9 is divided by m.
2
Let n be ((-1)/(-2))/((-63)/(-252)). Let v(r) = -17*r. Let t(u) = 18*u + 1. Let y(g) = -5*t(g) - 6*v(g). Calculate the remainder when 53 is divided by y(n).
15
Let x(a) = a + 7. Suppose -o + 16 + 12 = 0. Calculate the remainder when (o/20 + -2)*-5 is divided by x(-6).
0
Suppose 2*u = n - 5 - 1, 0 = 5*u - 20. Let x(m) = m**2 + 2*m - 2. Let k be x(-6). Suppose k = -5*j + 152. Calculate the remainder when j is divided by n.
12
Suppose 45*d = 111*d - 2838. Calculate the remainder when d is divided by 35.
8
Let f = -81 - 57. Let t = f - -152. Calculate the remainder when 26 is divided by t.
12
Let m be 2522/10 + (-16)/80. Let c be ((-20)/15)/((-3)/m). Let v = c - 78. Calculate the remainder when v is divided by 9.
7
Suppose 135 = 5*j - 175. Suppose 0 = 10*z - 3*i - 321, -29*z + 5*i + 150 = -24*z. What is the remainder when j is divided by z?
29
Let q = 108 + -76. Suppose 18*c = 22*c - 52. Calculate the remainder when q is divided by c.
6
Calculate the remainder when 170 is divided by -1 - 6*190/(-20).
2
Let z(f) = -f**2 - 13*f + 27. What is the remainder when 97 is divided by z(-14)?
6
Let q = 63 + -35. Let z = -20 + q. Calculate the remainder when 13 is divided by z.
5
Let q = -621 + 634. Calculate the remainder when 258 is divided by q.
11
Calculate the remainder when 592/6*(-10)/((-60)/9) is divided by 10.
8
Suppose 4*r + 3 = 7. What is the remainder when 25 is divided by r/(-3) - 774/(-54)?
11
Suppose -5*f + 2*b = -0*b - 59, -b = -4*f + 46. Calculate the remainder when 655/15 - 4/6 is divided by f.
10
Let b(y) = y**3 + 9*y**2 - 11*y + 5. Suppose -35 - 15 = 5*j. Suppose 3*t - 200 = -2*t. What is the remainder when t is divided by b(j)?
10
Suppose 19*o - 1664 = -7*o. Calculate the remainder when 764 is divided by o.
60
Suppose 5*g + 4*o - 68 = 25, -2*g + 27 = 5*o. Calculate the remainder when 130 is divided by g.
4
Let u = -285 - -145. Let f = u - -198. Suppose 0 = v - 5*t - 25, -v - 2*t - 2*t + 7 = 0. What is the remainder when f is divided by v?
13
Suppose 0 = 14*u - 7*u - 392. What is the remainder when 501 is divided by u?
53
What is the remainder when 120/21 + 2/7 is divided by (-32)/(-40) + (-12)/(-10)?
0
Let x = 18 - 12. Let b = 38 - 73. Let q = -18 - b. What is the remainder when q is divided by x?
5
Let j = 95 + -55. Suppose -4*a + y = -8*a + 58, 5*y + j = 2*a. Let d = -7 + 66. What is the remainder when d is divided by a?
14
Suppose -3*m + 88 = m + 3*d, 2*d - 46 = -2*m. Calculate the remainder when m is divided by 3.
1
Suppose -4*o + w = -79 + 22, 0 = 3*o + 4*w - 38. Suppose -2 + o = 3*y. Suppose y*l + 145 = 9*l. Calculate the remainder when 85 is divided by l.
27
Let j = -26 - -29. Suppose 3*t + 2*p - 41 = 0, -p + j*p - 8 = 0. What is the remainder when t is divided by 5?
1
Let n(g) = -